 12 - 10. Let s be a(u). Suppose s*d - 107 - 97 = 0. List the prime factors of d.
2, 17
Let s(j) = 2*j**2 + 53*j + 8104. What are the prime factors of s(-74)?
2, 7, 23, 47
Let p(v) = 74*v + 73. List the prime factors of p(70).
3, 17, 103
Let a(b) = 4057 + 2*b**2 - 2*b - 7*b + b**2 - 4055. What are the prime factors of a(9)?
2, 41
Suppose 3*g + 8 = 5*p, -20 = -g - 4*p - 0. Suppose 7*x = g*x - 2*h + 3014, 2*x - 2*h = 2016. List the prime factors of x.
2, 503
Let p(v) = -v**2 + 149*v + 23387. List the prime factors of p(0).
7, 13, 257
Suppose 30*f - 36*f = -36. Suppose -3*k = -f*k + 24. Suppose 0 = k*a - 3*a - 1185. What are the prime factors of a?
3, 79
Let h be (104/3)/(-2 + (-16)/(-6)). List the prime factors of 5/(-2) + 19526/h.
373
Let b be 60/(-25)*(5/2)/(-1). Let l(h) = 35*h - 7. Let q(m) = 17*m - 3. Let p(k) = b*l(k) - 13*q(k). What are the prime factors of p(-9)?
2, 3
Let p = -2655 - -3448. List the prime factors of p.
13, 61
Let a = -99 - -99. Suppose 0 = -4*m + 2*z + 2*z + 400, a = -3*m - 2*z + 295. What are the prime factors of m?
3, 11
Let z be (18/15)/(5/25 - 0). Suppose 10108 = z*u + 13*u. List the prime factors of u.
2, 7, 19
Suppose -2558 = -3*v + 2221. Suppose 0*a + 3*a = -5*t + 7905, -v = -t - 3*a. What are the prime factors of t?
2, 3, 263
Let w(z) = z**2 + 8*z + 42 - 33 - 20*z. Suppose -4*m = -3*m - 15. List the prime factors of w(m).
2, 3
Suppose -j = 3*n - 7, 0 = -0*n + 5*n + 2*j - 13. Suppose 0 = 2*r + n - 623. List the prime factors of r.
311
Let z(i) = 62*i - 68. Let q(b) = -10*b - 1. Let t be q(-1). List the prime factors of z(t).
2, 5, 7
Suppose 23775 = 3*z - 3*f, f = -4*z - 9650 + 41330. List the prime factors of z.
89
Suppose -6 = -2*y, p - 5*y + 12 = 2*p. Let u be 1/p + 777/9. Let i = u + -44. List the prime factors of i.
2, 3, 7
Suppose 0 = -8*p + 12*p - 5300. Suppose -5*x + 5*d = -2215, -3*x + 6*d - 4*d = -p. What are the prime factors of x?
439
Let l(r) = -r**3 + r**2 + 10*r - 3. Let c be l(4). Let v = 11 + c. Suppose 0 = -3*d - m + 278, v*d + 4*m - 172 = -2*d. What are the prime factors of d?
2, 47
Let j(l) = 2*l**3 - 11*l**2 - 7*l - 2. Let k be (16/(-24)*-57)/(2/1). Suppose 0 = 6*m - k*m + 91. List the prime factors of j(m).
2, 3
Suppose 2*d = 2*f + 3*f + 25, 0 = 2*f + 6. Suppose -13 = 4*y - 3*v, y - d*v = -2*y - 18. List the prime factors of -1*(1 - y)*(-53)/2.
53
Let m(c) = c**3 + 5*c**2 - 6*c - 1. Let s be m(-5). Suppose 5*v = -x + s, -4*x + x + 2*v = -53. Suppose -8*l + x = -109. What are the prime factors of l?
2
Suppose 7*o - 21 + 56 = 0. Let b(s) = -63*s - 12. List the prime factors of b(o).
3, 101
Let c(f) = 2*f**2 + 2*f + 15. Let k(z) = z**2 + z. Suppose -2*u = -3*t - 15 - 2, -11 = -2*u + t. Let i(w) = u*k(w) - c(w). List the prime factors of i(5).
3, 5
Let r(p) = 10*p**2 - 19*p + 105. What are the prime factors of r(36)?
3, 4127
Let q(k) = 35 + 7 - 2*k**3 + 4*k**2 - 3*k**2 + 4*k**3 - k. Suppose 21*r = 6*r. What are the prime factors of q(r)?
2, 3, 7
Suppose 0*w = -14*w - 7*w. Suppose -d - 5 = 0, w = -0*q + 3*q - 2*d - 91. What are the prime factors of q?
3
List the prime factors of 660/(-200)*-916 - 8/10.
2, 1511
Suppose -3841 = -k + 4*w, 6519 = 5*k + 4*w - 12734. List the prime factors of k.
3, 1283
Let x be 2*6*(72 - 73). Let p(v) be the third derivative of -5*v**4/24 - 25*v**3/6 - 5*v**2. What are the prime factors of p(x)?
5, 7
Let x(v) = 223*v + 3268. List the prime factors of x(36).
2, 353
Suppose 2*g - 11299 = 1199. List the prime factors of g.
3, 2083
Suppose -4*x - 2*r = 86, 7*r - 11*r + 20 = 0. Let p = x - -24. Let m(k) = 5*k + 119. What are the prime factors of m(p)?
7, 17
Suppose -5*w + 9500 = -8590. What are the prime factors of (-1)/(-4) - (w/(-24) - 7)?
2, 79
Let b(p) = 59*p + 124. What are the prime factors of b(8)?
2, 149
What are the prime factors of 29/(-290)*-147484 + (-3)/(-5)?
7, 43
Suppose 762 = 68*r - 67*r. Suppose 0 = k + 4*b - 756, k - 12*b - r = -14*b. What are the prime factors of k?
2, 3
Suppose 7165*d - 7156*d - 63207 = 0. What are the prime factors of d?
3, 2341
Let a(o) be the second derivative of -64*o**3/3 + 9*o**2 + 7*o - 4. What are the prime factors of a(-3)?
2, 3, 67
List the prime factors of ((-9 + -13)*541)/(-2).
11, 541
Let d(r) = -r**3 + 22*r**2 + 9*r + 14. Let a(u) = 15*u - 66. Let q(p) = 7*p - 32. Let s(h) = -2*a(h) + 5*q(h). Let z be s(10). List the prime factors of d(z).
2, 53
Let m = 65 + -27. Let w = m - 26. What are the prime factors of 146 - (-4)/w*-6?
2, 3
Suppose 87*s - h = 82*s + 124012, s - 3*h = 24808. List the prime factors of s.
2, 12401
List the prime factors of (3 + -5 - -4830) + 2.
2, 3, 5, 7, 23
Let v(z) = -2*z**2 + 3*z + 996. Let k(l) = -l**3 + 12*l**2 - 12*l + 11. Let n be k(11). Let i be v(n). Suppose -7*j + i = -j. List the prime factors of j.
2, 83
Suppose 9 = 5*f + 3*p, 3 = 5*f - 3*p + 12. Suppose 5*r + f*r = 3*t + 1468, -289 = -r - 4*t. What are the prime factors of r?
293
Suppose z - p - 122 = 0, -2*z = 2*p + 24 - 260. What are the prime factors of z?
2, 3, 5
Suppose 3*o = -4*w + 21, -2*o + 5*w = -5 + 14. Let i be (-48)/18 + (-4)/o. List the prime factors of i/(-8)*4 - -18.
2, 5
Let l(o) = -38*o - 8. Let s be l(-1). Let q = s + 380. What are the prime factors of q?
2, 5, 41
Let r be 3 - (7/14)/(3/(-1266)). Let v = r + -144. List the prime factors of v.
2, 5, 7
Let p = 292 - 290. Suppose 0 = -p*x - 2*f + 768, 23*x = 18*x + f + 1950. List the prime factors of x.
389
Let n(v) = 1632*v**3 + 4*v**2 + 54*v - 196. What are the prime factors of n(3)?
2, 11, 2003
Let y be (-2)/((-8)/(-26))*(-36)/9. Suppose y*t = 29*t - 351. What are the prime factors of t?
3, 13
Let o(x) = -7*x + 51. Let n be o(5). Suppose 2*b - 2*w + 14 = -4*w, b + 4*w + 13 = 0. What are the prime factors of 2042/10 - (-3 - n/b)?
2, 3, 17
Let w(a) = -3*a - 22. Let m be -12*((-40)/12 + 1). Let n = m + -49. List the prime factors of w(n).
41
Suppose 42*o = 180114 + 470214. What are the prime factors of o?
2, 7, 79
Let f be -1 + -1 - (-19 + 16). What are the prime factors of (0 - (f - -6)) + 383?
2, 47
Suppose -5*z + 5490 = -5*v, 3*z + 209*v - 3278 = 204*v. What are the prime factors of z?
2, 137
Let l = 183 + 13. Suppose 4*n - l = -0*n. Suppose n = -0*j + j. List the prime factors of j.
7
Let n be (5 - -7) + 0 + 1 + 1. Suppose -3*j + 257 - n = -m, 0 = 4*m. List the prime factors of j.
3
Let c be 4/6 - (-16818)/18. Let g = c - 418. What are the prime factors of g?
11, 47
Suppose -4*f = 188*s - 183*s - 114088, 0 = 5*s - 3*f - 114109. What are the prime factors of s?
2, 5, 7, 163
Let w(u) = -u**3 - 2*u**2 + 4*u - 37. Suppose 0 = k + 5*s + 35, 3*k - 7*k = -s + 35. What are the prime factors of w(k)?
3, 241
What are the prime factors of 38518/10 - ((-441)/(-105))/(-21)?
2, 3, 107
Suppose 0 = -50*o + 60*o - 5100. Let n = o + -241. What are the prime factors of n?
269
Let g = 581 + -583. List the prime factors of (-6)/24 + 14505/20 + g.
3, 241
Let b be (-8)/(-12)*(14 + -950). What are the prime factors of (29 - b) + 2*4?
661
Suppose 3*b + 225680 + 98788 = 39*b. What are the prime factors of b?
9013
Suppose -5*q - 4*z + 70135 = 0, q - 13998 = -9*z + 14*z. What are the prime factors of q?
37, 379
Let h(k) = -k**3 - 10*k**2 - k - 28. Let a be h(-10). List the prime factors of 651 - ((-3)/a - (-52)/(-24)).
653
Suppose 15536 = 87*b - 86*b - u, 2*u - 15542 = -b. List the prime factors of b.
2, 17, 457
Let l = -112633 - -166553. What are the prime factors of l?
2, 5, 337
Suppose -19*o = -145608 - 404741 + 10616. List the prime factors of o.
3, 17, 557
Suppose z - 8 = -1, 3*j - 3*z = 60942. List the prime factors of j.
7, 2903
Let t(s) = 7*s - 37. Let y(n) be the third derivative of -n**3/6 - 23*n**2. Let h(d) = -t(d) - 3*y(d). What are the prime factors of h(-17)?
3, 53
Suppose 9 = 3*k, 0 = -4*d - 2*k + 4*k + 6. Suppose l - 10 = 5*g, g = -0 + d. Let z = 73 - l. List the prime factors of z.
2, 3
Let t(s) = s**3 - 11*s**2 - 28*s + 75. List the prime factors of t(27).
3, 7, 523
Let a(j) = j**2 - j + 19. Let f(c) = -1. Let m(s) = a(s) - 3*f(s). Suppose u = k + 8, -4*u + 1 = -6*k - 45. List the prime factors of m(k).
2, 3, 13
Let v be 6 - 5*(13/(-5) - -3). Let b be 11 + v + -8 + -2. List the prime factors of (16/(-5)*1)/(b/(-200)).
2
Suppose 0 = 2*v + 10, -5*b + 79 + 116 = -3*v. Let g be b/